



















{"id":11369,"date":"2014-07-04T11:12:30","date_gmt":"2014-07-04T11:12:30","guid":{"rendered":"http:\/\/www.sbal.net\/?page_id=11369"},"modified":"2014-07-04T11:12:30","modified_gmt":"2014-07-04T11:12:30","slug":"concepto-de-residente","status":"publish","type":"page","link":"https:\/\/www.sbal.net\/eu\/utilitateak\/sbal-asesora-al-expatriado\/lineas-directrices-del-tratamiento-fiscal-del-personal-expatriado\/concepto-de-residente\/","title":{"rendered":"Concepto de Residente"},"content":{"rendered":"<p>\";<\/script><\/p>\n<div id=\"borde\">\n<div>\n<p>A efectos de definir el tratamiento fiscal del trabajador desplazado al extranjero, <strong>resulta substancial determinar si tiene la condici\u00f3n de \"residente\" o \"no residente\" en Espa\u00f1a<\/strong>.<\/p>\n<p>Se considerar\u00e1 \"residente\" en Espa\u00f1a cuando <strong>permanezca m\u00e1s de 183 d\u00edas<\/strong> durante el a\u00f1o natural en territorio espa\u00f1ol (computando las ausencias espor\u00e1dicas, salvo que se acredite residencia en el extranjero) o radique en Espa\u00f1a su <strong>centro de intereses, n\u00facleo principal o la base de sus actividades econ\u00f3micas<\/strong>.<\/p>\n<p><strong>Se presume, salvo prueba en contrario, la condici\u00f3n de contribuyente por IRPF<\/strong> cuando resida en Espa\u00f1a el c\u00f3nyuge no separado legalmente y sus hijos menores que dependan de \u00e9l.<\/p>\n<p>No perder\u00e1 la consideraci\u00f3n de contribuyente por IRPF aquel que acredite su <strong>residencia en un pa\u00eds considerado fiscalmente como para\u00edso fiscal<\/strong>, durante el periodo en que tenga lugar el cambio de su residencia y los cuatro siguientes.<\/p>\n<p>Los Convenios de Doble Imposici\u00f3n establecen criterios para dirimir conflictos en situaciones en las que atendiendo a la normativa interna el trabajador pueda resultar residente en m\u00e1s de un pa\u00eds.<\/p>\n<p>El <strong>tratamiento de las retenciones<\/strong> a practicar por la Empresa, ingreso a cuenta del impuesto final, va \u00edntimamente ligado al r\u00e9gimen de tributaci\u00f3n del trabajador.<\/p>\n<\/div>\n<\/div>\n","protected":false},"excerpt":{"rendered":"\"; A efectos de definir el tratamiento fiscal del trabajador desplazado al extranjero, resulta substancial determinar si tiene la condici\u00f3n de \"residente\" o \"no residente\" en Espa\u00f1a. Se considerar\u00e1 \"residente\" en Espa\u00f1a cuando permanezca m\u00e1s de 183 d\u00edas durante el a\u00f1o natural en territorio espa\u00f1ol (computando las ausencias espor\u00e1dicas, salvo que se acredite residencia en el extranjero) o radique en&nbsp;<a href=\"https:\/\/www.sbal.net\/eu\/utilitateak\/sbal-asesora-al-expatriado\/lineas-directrices-del-tratamiento-fiscal-del-personal-expatriado\/concepto-de-residente\/\" class=\"read-more\">Continue Reading<\/a>","protected":false},"author":3,"featured_media":0,"parent":11362,"menu_order":90,"comment_status":"closed","ping_status":"closed","template":"","meta":{"footnotes":"","_links_to":"","_links_to_target":""},"class_list":["post-11369","page","type-page","status-publish","hentry"],"_links":{"self":[{"href":"https:\/\/www.sbal.net\/eu\/wp-json\/wp\/v2\/pages\/11369","targetHints":{"allow":["GET"]}}],"collection":[{"href":"https:\/\/www.sbal.net\/eu\/wp-json\/wp\/v2\/pages"}],"about":[{"href":"https:\/\/www.sbal.net\/eu\/wp-json\/wp\/v2\/types\/page"}],"author":[{"embeddable":true,"href":"https:\/\/www.sbal.net\/eu\/wp-json\/wp\/v2\/users\/3"}],"replies":[{"embeddable":true,"href":"https:\/\/www.sbal.net\/eu\/wp-json\/wp\/v2\/comments?post=11369"}],"version-history":[{"count":1,"href":"https:\/\/www.sbal.net\/eu\/wp-json\/wp\/v2\/pages\/11369\/revisions"}],"predecessor-version":[{"id":11387,"href":"https:\/\/www.sbal.net\/eu\/wp-json\/wp\/v2\/pages\/11369\/revisions\/11387"}],"up":[{"embeddable":true,"href":"https:\/\/www.sbal.net\/eu\/wp-json\/wp\/v2\/pages\/11362"}],"wp:attachment":[{"href":"https:\/\/www.sbal.net\/eu\/wp-json\/wp\/v2\/media?parent=11369"}],"curies":[{"name":"wp","href":"https:\/\/api.w.org\/{rel}","templated":true}]}}

<p>";</script></p>
<div id="borde">
<div>
<p>A efectos de definir el tratamiento fiscal del trabajador desplazado al extranjero, <strong>resulta substancial determinar si tiene la condición de "residente" o "no residente" en España</strong>.</p>
<p>Se considerará "residente" en España cuando <strong>permanezca más de 183 días</strong> durante el año natural en territorio español (computando las ausencias esporádicas, salvo que se acredite residencia en el extranjero) o radique en España su <strong>centro de intereses, núcleo principal o la base de sus actividades económicas</strong>.</p>
<p><strong>Se presume, salvo prueba en contrario, la condición de contribuyente por IRPF</strong> cuando resida en España el cónyuge no separado legalmente y sus hijos menores que dependan de él.</p>
<p>No perderá la consideración de contribuyente por IRPF aquel que acredite su <strong>residencia en un país considerado fiscalmente como paraíso fiscal</strong>, durante el periodo en que tenga lugar el cambio de su residencia y los cuatro siguientes.</p>
<p>Los Convenios de Doble Imposición establecen criterios para dirimir conflictos en situaciones en las que atendiendo a la normativa interna el trabajador pueda resultar residente en más de un país.</p>
<p>El <strong>tratamiento de las retenciones</strong> a practicar por la Empresa, ingreso a cuenta del impuesto final, va íntimamente ligado al régimen de tributación del trabajador.</p>
</div>
</div>

"; A efectos de definir el tratamiento fiscal del trabajador desplazado al extranjero, resulta substancial determinar si tiene la condición de "residente" o "no residente" en España. Se considerará "residente" en España cuando permanezca más de 183 días durante el año natural en territorio español (computando las ausencias esporádicas, salvo que se acredite residencia en el extranjero) o radique en&nbsp;<a href="https://www.sbal.net/eu/utilitateak/sbal-asesora-al-expatriado/lineas-directrices-del-tratamiento-fiscal-del-personal-expatriado/concepto-de-residente/" class="read-more">Continue Reading</a>
