



















{"id":11378,"date":"2014-07-04T11:13:57","date_gmt":"2014-07-04T11:13:57","guid":{"rendered":"http:\/\/www.sbal.net\/?page_id=11378"},"modified":"2014-07-04T11:13:57","modified_gmt":"2014-07-04T11:13:57","slug":"regimen-opcional-de-los-trabajadores-desplazados-residentes-en-un-estado-de-la-union-europea","status":"publish","type":"page","link":"https:\/\/www.sbal.net\/en\/utilities\/advice-to-expatriates\/11361-2\/regimen-opcional-de-los-trabajadores-desplazados-residentes-en-un-estado-de-la-union-europea\/","title":{"rendered":"R\u00e9gimen opcional de los trabajadores desplazados residentes en un Estado de la Uni\u00f3n Europea"},"content":{"rendered":"<p>\";<\/script><\/p>\n<h3>\u00c1mbito subjetivo:<\/h3>\n<p>Residentes en alg\u00fan estado de la Uni\u00f3n Europea que hayan obtenido durante el ejercicio en Espa\u00f1a, por rendimientos del trabajo y de actividades econ\u00f3micas, al menos, el 75% de la totalidad de su renta.<\/p>\n<h3>Contenido del r\u00e9gimen:<\/h3>\n<p>El contribuyente tributar\u00e1 en Espa\u00f1a, en un principio, por IRNR.<\/p>\n<p>A partir del 2 de mayo del a\u00f1o siguiente al periodo impositivo y, dentro del plazo de 4 a\u00f1os, el contribuyente podr\u00e1 solicitar la aplicaci\u00f3n de este r\u00e9gimen.<\/p>\n<p>La Administraci\u00f3n fijar\u00e1, por resoluci\u00f3n, el importe de IRPF resultante de aplicar este r\u00e9gimen, teniendo en cuenta lo siguiente:<\/p>\n<ul>\n<li>Fijar\u00e1 el tipo medio de gravamen (con dos decimales), que resulte de multiplicar por 100 la fracci\u00f3n que tenga como numerador la cuota l\u00edquida y como denominador la base imponible, que resulten a su vez, de tomar la totalidad de las rentas del contribuyente y sus circunstancias personales y aplicarles la escala de gravamen general que proceda.<\/li>\n<li>Este tipo medio se aplicar\u00e1 sobre la base liquidable obtenida por el contribuyente en Espa\u00f1a durante el periodo.<\/li>\n<li>Si el resultado es menor de los tributado por IRNR, se proceder\u00e1 a la devoluci\u00f3n del exceso en el plazo de 6 meses.<\/li>\n<\/ul>\n","protected":false},"excerpt":{"rendered":"\"; \u00c1mbito subjetivo: Residentes en alg\u00fan estado de la Uni\u00f3n Europea que hayan obtenido durante el ejercicio en Espa\u00f1a, por rendimientos del trabajo y de actividades econ\u00f3micas, al menos, el 75% de la totalidad de su renta. Contenido del r\u00e9gimen: El contribuyente tributar\u00e1 en Espa\u00f1a, en un principio, por IRNR. A partir del 2 de mayo del a\u00f1o siguiente al&nbsp;<a href=\"https:\/\/www.sbal.net\/en\/utilities\/advice-to-expatriates\/11361-2\/regimen-opcional-de-los-trabajadores-desplazados-residentes-en-un-estado-de-la-union-europea\/\" class=\"read-more\">Continue Reading<\/a>","protected":false},"author":3,"featured_media":0,"parent":11361,"menu_order":40,"comment_status":"closed","ping_status":"closed","template":"","meta":{"footnotes":"","_links_to":"","_links_to_target":""},"class_list":["post-11378","page","type-page","status-publish","hentry"],"_links":{"self":[{"href":"https:\/\/www.sbal.net\/en\/wp-json\/wp\/v2\/pages\/11378","targetHints":{"allow":["GET"]}}],"collection":[{"href":"https:\/\/www.sbal.net\/en\/wp-json\/wp\/v2\/pages"}],"about":[{"href":"https:\/\/www.sbal.net\/en\/wp-json\/wp\/v2\/types\/page"}],"author":[{"embeddable":true,"href":"https:\/\/www.sbal.net\/en\/wp-json\/wp\/v2\/users\/3"}],"replies":[{"embeddable":true,"href":"https:\/\/www.sbal.net\/en\/wp-json\/wp\/v2\/comments?post=11378"}],"version-history":[{"count":1,"href":"https:\/\/www.sbal.net\/en\/wp-json\/wp\/v2\/pages\/11378\/revisions"}],"predecessor-version":[{"id":11396,"href":"https:\/\/www.sbal.net\/en\/wp-json\/wp\/v2\/pages\/11378\/revisions\/11396"}],"up":[{"embeddable":true,"href":"https:\/\/www.sbal.net\/en\/wp-json\/wp\/v2\/pages\/11361"}],"wp:attachment":[{"href":"https:\/\/www.sbal.net\/en\/wp-json\/wp\/v2\/media?parent=11378"}],"curies":[{"name":"wp","href":"https:\/\/api.w.org\/{rel}","templated":true}]}}

Régimen opcional de los trabajadores desplazados residentes en un Estado de la Unión Europea

<p>";</script></p>
<h3>Ámbito subjetivo:</h3>
<p>Residentes en algún estado de la Unión Europea que hayan obtenido durante el ejercicio en España, por rendimientos del trabajo y de actividades económicas, al menos, el 75% de la totalidad de su renta.</p>
<h3>Contenido del régimen:</h3>
<p>El contribuyente tributará en España, en un principio, por IRNR.</p>
<p>A partir del 2 de mayo del año siguiente al periodo impositivo y, dentro del plazo de 4 años, el contribuyente podrá solicitar la aplicación de este régimen.</p>
<p>La Administración fijará, por resolución, el importe de IRPF resultante de aplicar este régimen, teniendo en cuenta lo siguiente:</p>
<ul>
<li>Fijará el tipo medio de gravamen (con dos decimales), que resulte de multiplicar por 100 la fracción que tenga como numerador la cuota líquida y como denominador la base imponible, que resulten a su vez, de tomar la totalidad de las rentas del contribuyente y sus circunstancias personales y aplicarles la escala de gravamen general que proceda.</li>
<li>Este tipo medio se aplicará sobre la base liquidable obtenida por el contribuyente en España durante el periodo.</li>
<li>Si el resultado es menor de los tributado por IRNR, se procederá a la devolución del exceso en el plazo de 6 meses.</li>
</ul>

"; Ámbito subjetivo: Residentes en algún estado de la Unión Europea que hayan obtenido durante el ejercicio en España, por rendimientos del trabajo y de actividades económicas, al menos, el 75% de la totalidad de su renta. Contenido del régimen: El contribuyente tributará en España, en un principio, por IRNR. A partir del 2 de mayo del año siguiente al&nbsp;<a href="https://www.sbal.net/en/utilities/advice-to-expatriates/11361-2/regimen-opcional-de-los-trabajadores-desplazados-residentes-en-un-estado-de-la-union-europea/" class="read-more">Continue Reading</a>
